Is 38107 a prime number?
False
Is 489669 prime?
False
Is 3511 composite?
False
Is 23251 prime?
True
Is 60757 composite?
False
Is 209431 a prime number?
True
Is 182297 composite?
False
Is 44801 a prime number?
False
Is 38371 a prime number?
True
Is 133801 prime?
True
Is 6563 a composite number?
False
Is 258562 prime?
False
Is 278543 prime?
True
Is 34859 a prime number?
False
Is 13217 a composite number?
False
Is 82637 a prime number?
False
Is 318674 composite?
True
Is 7051 a composite number?
True
Is 197057 composite?
True
Is 10831 a composite number?
False
Is 39917 a prime number?
False
Is 557 a composite number?
False
Is 2996237 a composite number?
False
Is 8039 a composite number?
False
Is 3593 a composite number?
False
Is 36353 a prime number?
True
Is 14179 composite?
True
Is 139813 a prime number?
True
Is 5979 a prime number?
False
Is 4177 a composite number?
False
Is 890231 composite?
False
Is 2231 a composite number?
True
Is 137661 composite?
True
Is 39322 a prime number?
False
Is 168619 prime?
False
Is 19387 composite?
False
Is 51369 a prime number?
False
Is 14837 composite?
True
Is 26857 prime?
False
Is 8857 composite?
True
Is 9731 a prime number?
False
Is 107633 a prime number?
False
Is 855059 prime?
True
Is 522919 a prime number?
True
Is 174971 a prime number?
False
Is 10893 prime?
False
Is 119065 prime?
False
Is 1269953 a prime number?
True
Is 236143 composite?
False
Is 1341053 a composite number?
True
Is 25219 prime?
True
Is 92459 composite?
False
Is 7427 a composite number?
True
Is 1326397 a composite number?
True
Is 1735 a composite number?
True
Is 2848303 prime?
False
Is 894811 a prime number?
True
Is 9491 composite?
False
Is 251 a composite number?
False
Is 689101 a composite number?
True
Is 1659937 a prime number?
False
Is 276739 a composite number?
False
Is 87037 a prime number?
True
Is 28687 a prime number?
True
Is 132001 a composite number?
False
Is 92893 composite?
False
Is 49847 prime?
False
Is 417293 prime?
True
Is 8402 prime?
False
Is 24659 a prime number?
True
Is 4399 a composite number?
True
Is 189757 a composite number?
False
Is 117069 composite?
True
Is 3898 prime?
False
Is 46289 prime?
False
Is 3989 composite?
False
Is 272093 composite?
False
Is 500351 a prime number?
False
Is 451747 a prime number?
True
Is 3013 composite?
True
Is 15497 a prime number?
True
Is 22735 composite?
True
Is 11855 a prime number?
False
Is 5674 a composite number?
True
Is 98297 a prime number?
True
Is 339407 a composite number?
True
Is 7361 a composite number?
True
Is 47623 a composite number?
False
Is 839 prime?
True
Is 142169 a composite number?
False
Is 29501 a prime number?
True
Is 692633 composite?
True
Is 23039 prime?
True
Is 5183 a prime number?
False
Is 142711 a composite number?
False
Is 644353 a prime number?
True
Is 701147 a composite number?
False
Is 26283 a prime number?
False
Is 2183 prime?
False
Is 504923 a prime number?
False
Is 9839 prime?
True
Is 44053 a prime number?
True
Is 1055 a prime number?
False
Is 5851 a composite number?
False
Is 137779 composite?
True
Is 45947 prime?
False
Is 11579 a composite number?
False
Is 2149 a prime number?
False
Is 1649 composite?
True
Is 419999 a prime number?
True
Is 3809 composite?
True
Is 16271 a prime number?
False
Is 343373 composite?
False
Is 64819 prime?
False
Is 73105 a prime number?
False
Is 38149 a prime number?
True
Is 7621 a composite number?
False
Is 43391 prime?
True
Is 5147 a prime number?
True
Is 8247 a prime number?
False
Is 187963 a prime number?
True
Is 541 composite?
False
Is 3035 a prime number?
False
Is 72211 composite?
False
Is 490603 a prime number?
False
Is 15551 composite?
False
Is 197326 a prime number?
False
Is 48137 prime?
False
Is 8353 a prime number?
True
Is 252871 prime?
False
Is 36691 a composite number?
False
Is 949513 a composite number?
False
Is 301163 composite?
True
Is 2579 a composite number?
False
Is 4547 a composite number?
False
Is 5062 composite?
True
Is 255383 a prime number?
True
Is 32599 prime?
False
Is 21227 a prime number?
True
Is 1269559 a composite number?
False
Is 21857 a prime number?
False
Is 344819 composite?
False
Is 396871 a composite number?
False
Is 88379 a composite number?
False
Is 22621 composite?
False
Is 167711 a prime number?
True
Is 6653 prime?
True
Is 491 prime?
True
Is 17741 a composite number?
True
Is 652447 prime?
True
Is 7303 a composite number?
True
Is 3840077 prime?
True
Is 52889 a composite number?
False
Is 300353 a prime number?
False
Is 334931 a prime number?
True
Is 2605 prime?
False
Is 73307 prime?
False
Is 86287 prime?
True
Is 352609 a prime number?
False
Is 82217 composite?
False
Is 130243 composite?
True
Is 178241 composite?
True
Is 16413 composite?
True
Is 208529 composite?
False
Is 18065 a composite number?
True
Is 27179 a prime number?
True
Is 7754113 composite?
False
Is 35713 a prime number?
False
Is 630163 a composite number?
False
Is 99838 a prime number?
False
Is 142171 a composite number?
True
Is 543301 a composite number?
True
Is 49783 prime?
True
Is 32251 composite?
False
Is 56417 prime?
True
Is 635 a prime number?
False
Is 3847 prime?
True
Is 8663 composite?
False
Is 1364746 a composite number?
True
Is 21247 a composite number?
False
Is 724583 a composite number?
False
Is 813 composite?
True
Is 13483 prime?
False
Is 432659 prime?
True
Is 1273 a composite number?
True
Is 25253 a composite number?
False
Is 139723 composite?
True
Is 1073 a prime number?
False
Is 56435 a composite number?
True
Is 182387 prime?
True
Is 140603 prime?
True
Is 20593 composite?
False
Is 1657 composite?
False
Is 32519 a prime number?
False
Is 279745 a composite number?
True
Is 36289 composite?
True
Is 31343 prime?
False
Is 5077 composite?
False
Is 134522 a prime number?
False
Is 14621 prime?
True
Is 8581 prime?
True
Is 88379 prime?
True
Is 6421 a composite number?
False
Is 40693 composite?
False
Is 51767 a prime number?
True
Is 18779 a prime number?
False
Is 30427 a composite number?
False
Is 5923 prime?
True
Is 683651 prime?
True
Is 327971 prime?
False
Is 45007 prime?
True
Is 7607 composite?
False
Is 45077 a composite number?
False
Is 295 a prime number?
False
Is 341083 prime?
True
Is 16649 composite?
False
Is 15163 a composite number?
True
Is 47473 a composite number?
True
Is 3669 a composite number?
True
Is 79643 a prime number?
False
Is 11801 prime?
True
Is 635939 prime?
True
Is 75217 prime?
True
Is 886691 composite?
True
Is 125707 a prime number?
True
Is 5545 a composite number?
True
Is 1552069 a prime number?
False
Is 80843 composite?
True
Is 1053863 composite?
False
Is 449455 composite?
True
Is 13285 a composite number?
True
Is 3899 prime?
False
Is 5903 prime?
True
Is 11197 a composite number?
False
Is 272465 prime?
False
Is 10973 a prime number?
True
Is 95447 prime?
False
Is 237607 composite?
False
Is 442249 prime?
False
Is 26002 a prime number?
False
Is 624853 prime?
False
Is 10831 composite?
False
Is 3643 prime?
True
Is 103417 composite?
True
Is 20761 a composite number?
True
Is 45338 a composite number?
True
Is 27767 composite?
False
Is 117573 a prime number?
False
Is 599191 prime?
True
Is 94517 a prime number?
False
Is 44653 a prime number?
False
Is 211 a composite number?
False
Is 10037 composite?
False
Is 107563 a prime number?
True
Is 39199 composite?
False
Is 34457 a composite number?
False
Is 14349 prime?
False
Is 39361 prime?
False
Is 303803 composite?
False
Is 12494 a prime number?
False
Is 2651 a composite number?
True
Is 1157 composite?
True
Is 164809 a prime number?
True
Is 14387 prime?
True
Is 7769 prime?
False
Is 629 a composite number?
True
Is 412793 a prime number?
True
Is 118381 a composite number?
True
Is 80131 a prime number?
False
Is 733 a prime number?
True
Is 17657 a prime number?
True
Is 1283831 prime?
True
Is 22303 prime?
True
Is 241765 a prime number?
False
Is 507971 a composite number?
False
Is 310519 a prime number?
False
Is 849 composite?
True
Is 107641 a prime number?
True
Is 12479 a composite number?
False
Is 29201 composite?
False
Is 169769 composite?
False
Is 62509 a prime number?
False
Is 17785 composite?
True
Is 24515 composite?
True
Is 10991 prime?
False
Is 6247 composite?
False
Is 7342 a prime number?
False
Is 124979 prime?
True
Is 5315 composite?
True
Is 8663 a composite n